{"id":3544,"date":"2025-01-26T13:32:52","date_gmt":"2025-01-26T12:32:52","guid":{"rendered":"https:\/\/giardinohotels.ch\/de\/?post_type=erlebnise&#038;p=3544"},"modified":"2026-02-14T16:35:12","modified_gmt":"2026-02-14T15:35:12","slug":"events-in-ascona-locarno","status":"publish","type":"erlebnise","link":"https:\/\/giardinohotels.ch\/de\/erlebnise\/events-in-ascona-locarno\/","title":{"rendered":"Events in Ascona-Locarno"},"content":{"rendered":"\n<h2 class=\"wp-block-heading\">06.06.26 \u2013 ARM\u00d2NIA Yoga Festival<\/h2>\n\n\n\n<p>Das ARM\u00d2NIA Yoga Festival bringt Yoga, Achtsamkeit und ganzheitliches Wohlbefinden nach Ascona. Einen Tag lang stehen Bewegung, Meditation und bewusste Lebensweise im Mittelpunkt \u2013 eingebettet in die nat\u00fcrliche Umgebung des neu gestalteten Bagno Pubblico.<\/p>\n\n\n\n<p>Ein abwechslungsreiches Programm mit Yoga-Sessions, Workshops und Wellness-Angeboten l\u00e4dt dazu ein, zur Ruhe zu kommen und neue Energie zu sch\u00f6pfen. Giardino Ascona ist mit ausgew\u00e4hlten Wellness-Erlebnissen Teil des Festivals.<\/p>\n\n\n\n<p><a href=\"https:\/\/armonia-yoga.ch\/festival-de\/\" target=\"_blank\" rel=\"noreferrer noopener nofollow\">Mehr Informationen<\/a><\/p>\n\n\n\n<h2 class=\"wp-block-heading\">25.06. &#8211; 04.07.26 \u2013 JazzAscona<\/h2>\n\n\n\n<p>Erleben Sie zehn Tage voller Lebensfreude, Musik und Kulinarik am Lago Maggiore! Seit 1985 z\u00e4hlt das JazzAscona zu den bedeutendsten Festivals f\u00fcr New Orleans Jazz weltweit. \u00dcber 200 kostenlose Konzerte auf B\u00fchnen, in Bars und unter freiem Himmel verwandeln das charmante Ascona in eine vibrierende B\u00fchne f\u00fcr Jazz, Swing, Blues, Soul und mehr. Als einziges von der Stadt New Orleans offiziell unterst\u00fctztes Festival in Europa bietet JazzAscona ein authentisches Eintauchen in die Musik- und Kulturszene des amerikanischen S\u00fcdens \u2013 mitten in der Schweiz.<\/p>\n\n\n\n<h2 class=\"wp-block-heading\">09.07. &#8211; 19.07.26 \u2013 Moon &amp; Stars Festival<\/h2>\n\n\n\n<p>Im Juli ist die Piazza Grande in Locarno wie jedes Jahr erneut der magische Treffpunkt f\u00fcr Musikliebhaber. Das ber\u00fchmte Moon &amp; Stars Festival verf\u00fchrt mit einer einzigartigen Atmosph\u00e4re, in der Tausende von Fans an mehreren Abenden erstklassige K\u00fcnstler unter freiem Himmel erleben k\u00f6nnen. Geniessen Sie warme Sommern\u00e4chte, die Musik und die unvergesslichen Momente. Alle Infos zu den Acts und Tickets finden Sie auf der offiziellen Moon &amp; Stars Website.<\/p>\n\n\n\n<p><a href=\"https:\/\/moonandstars.ch\/de\" target=\"_blank\" rel=\"noopener noreferrer nofollow\">Mehr Informationen<\/a><\/p>\n\n\n\n<h2 class=\"wp-block-heading\">05.08. &#8211; 15.08.26 \u2013 Locarno Filmfestival<\/h2>\n\n\n\n<p>Das bedeutendste Filmfestival der Schweiz verwandelt Locarno jeden Sommer in einen Treffpunkt f\u00fcr Filmschaffende und Filmfans aus aller Welt. Herzst\u00fcck ist die Piazza Grande \u2013 das wohl sch\u00f6nste Open-Air-Kino Europas.<\/p>\n\n\n\n<p>Neben Wettbewerbsfilmen in verschiedenen Kategorien bietet das Festival ein breites Rahmenprogramm in Kinos, Foren und der ganzen Stadt. Die \u201eRotonda\u201c sorgt abends mit Konzerten, Kunst, Kinderprogramm und Street Food f\u00fcr Festivalstimmung pur.<\/p>\n\n\n\n<p><a href=\"https:\/\/www.ascona-locarno.com\/de\/events\/details\/Locarno-Film-Festival-2025\/10056\" target=\"_blank\" rel=\"noopener noreferrer nofollow\">Mehr Informationen.<\/a><\/p>\n\n\n\n<h2 class=\"wp-block-heading\" id=\"classicascona\">10.09. &#8211; 13.09.26 \u2013 CSI Ascona<\/h2>\n\n\n\n<p>Das CSI Ascona, eines der renommiertesten internationalen Springreitturniere, kehrt auch in diesem Jahr zur\u00fcck. Auf dem ehemaligen Flughafen von Ascona messen sich die besten Reiter der Welt in spannenden Springwettbewerben. Vier Tage lang erleben Sie dieses spektakul\u00e4re Event, umrahmt von mehreren Nebenveranstaltungen. Der Eintritt ist frei.<\/p>\n\n\n\n<p><a href=\"https:\/\/www.ascona-locarno.com\/de\/events\/details\/22-CSI-Ascona-Concorso-ippico-internazionale-2014\/78950.html\" target=\"_blank\" rel=\"noopener noreferrer nofollow\">Mehr Informationen<\/a><\/p>\n\n\n\n<p><\/p>\n\n\n\n<h2 class=\"wp-block-heading\">17.09. &#8211; 19.09.2026 SunIce Festival Ascona<\/h2>\n\n\n\n<p>Wenn SunIce im Lido Ascona die Beats hochf\u00e4hrt, verwandelt sich das Giardino in eine Welt voller Kontraste:&nbsp;mitreissende Festival-Energie trifft auf luxuri\u00f6se Ruhe. Unser SunIce Package bietet Ihnen exklusiven VIP-Zugang und Entspannung pur \u2013 f\u00fcr eine oder mehrere N\u00e4chte voller Musik, Komfort und Genuss. Enjoy the beat in style.<\/p>\n\n\n\n<p><a href=\"https:\/\/www.sunicefestival.ch\/summer\/home\" target=\"_blank\" data-type=\"link\" data-id=\"https:\/\/www.sunicefestival.ch\/summer\/home\" rel=\"noreferrer noopener nofollow\">Mehr Informationen<\/a><\/p>\n\n\n\n<p><strong>SunIce VIP Escape:<\/strong><\/p>\n\n\n\n<ul class=\"wp-block-list\">\n<li>\u00dcbernachtung im Doppelzimmer Morgensonne ab CHF 660<\/li>\n\n\n\n<li>Verg\u00fcnstigter Eintritt in den Sunice VIP-Bereich \u2013 exklusive Areas, beste Sicht, mehr Komfort<\/li>\n\n\n\n<li>Willkommensgetr\u00e4nk&nbsp;und SunIce VIP&nbsp;Amenity<\/li>\n\n\n\n<li>freier Zugang zum preisgekr\u00f6nten Giardino Spa<\/li>\n\n\n\n<li>10% Erm\u00e4ssigung auf alle Spa Treatments<\/li>\n\n\n\n<li>Nutzung von City- und Mountainbikes<\/li>\n\n\n\n<li>Ticino-Ticket<\/li>\n\n\n\n<li>Transfer zwischen Bahnhof Locarno und Hotel bei An- und Abreise<\/li>\n\n\n\n<li>Kurze Distanz zum Festival<\/li>\n\n\n\n<li>Entspannung an Pools, Daybeds &amp; R\u00fcckzugsorten<\/li>\n\n\n\n<li>-Late Check-Out nach Verf\u00fcgbarkeit<\/li>\n<\/ul>\n\n\n\n<p>Das Angebot ist limitiert und verf\u00fcgbar nur auf Anfrage \u2013 telefonisch unter\u00a0<a href=\"tel:+41800333313\">+41 800 333 313<\/a>\u00a0oder via\u00a0<a href=\"mailto:reservation@giardino.ch\"><span style=\"display:inline;unicode-bidi:bidi-override;direction:rtl;\" class=\"\">hc.onidraig<span style=\"display:none;\">obfsctd-11d88b<\/span>&#64;noitavreser<\/span><\/a><\/p>\n\n\n\n<h2 class=\"wp-block-heading\">18.09. \u2013 10.10.26 \u2013 Musik-Festwochen classicAscona<\/h2>\n\n\n\n<p>Die Musik-Festwochen classicAscona laden im Fr\u00fchherbst zu klassischen Konzerten in besonderer Atmosph\u00e4re ein. Internationale K\u00fcnstlerpers\u00f6nlichkeiten, renommierte Ensembles und junge Talente gestalten ein vielseitiges Programm an stimmungsvollen Orten in Ascona und Locarno.<\/p>\n\n\n\n<p>Kirchen, historische Pl\u00e4tze und ausgew\u00e4hlte Open-Air-Locations werden zur B\u00fchne f\u00fcr musikalische Exzellenz und kulturellen Austausch \u2013 eingebettet in die ruhige, s\u00fcdliche Stimmung des Locarnese.<\/p>\n\n\n\n<p><a href=\"https:\/\/www.classicascona.ch\/\" target=\"_blank\" data-type=\"link\" data-id=\"https:\/\/www.classicascona.ch\/\" rel=\"noreferrer noopener nofollow\">Mehr Informationen<\/a><\/p>\n\n\n\n<p><strong>classicAscona-Spezial:<\/strong><\/p>\n\n\n\n<ul class=\"wp-block-list\">\n<li>15% Rabatt auf die aktuelle Tagesrate ab zwei \u00dcbernachtungen<\/li>\n\n\n\n<li>20% Erm\u00e4ssigung auf Konzerttickets von classicAscona&nbsp;ab zwei \u00dcbernachtungen <\/li>\n\n\n\n<li>Willkommensgetr\u00e4nk und VIP Amenity<\/li>\n\n\n\n<li>Reichhaltiges Fr\u00fchst\u00fccksbuffet<\/li>\n\n\n\n<li>Eintritt zum dipi\u00f9 Spa<\/li>\n\n\n\n<li>10% Erm\u00e4ssigung auf alle Spa Treatments<\/li>\n\n\n\n<li>Nutzung von City- und Mountainbikes<\/li>\n\n\n\n<li>Transfer zwischen Bahnhof Locarno und Hotel bei An- und Abreise<\/li>\n\n\n\n<li>Ticino-Ticket<\/li>\n\n\n\n<li>Shuttle-Service zur und von der Piazza&nbsp;Ascona<\/li>\n<\/ul>\n\n\n\n<p>Das Angebot ist limitiert und verf\u00fcgbar nur auf Anfrage &#8211; telefonisch unter&nbsp;<a href=\"tel:+41800333313\">+41 800 333 313<\/a>&nbsp;oder via&nbsp;<a href=\"mailto:reservation@giardino.ch\"><span style=\"display:inline;unicode-bidi:bidi-override;direction:rtl;\" class=\"\">hc.onidraig<span style=\"display:none;\">obfsctd-73c4f1<\/span>&#64;noitavreser<\/span><\/a><\/p>\n\n\n\n<h2 class=\"wp-block-heading\">03.10.26 \u2013 Herbstfest<\/h2>\n\n\n\n<p>Das Herbstfest im Tessin l\u00e4dt ein, die Traditionen und das Handwerk der Region zu entdecken.<\/p>\n\n\n\n<p>Schlemmen Sie sich durch kulinarische K\u00f6stlichkeiten, erleben Sie die Braucht\u00fcmer der Vergangenheit und lassen Sie sich von der Vielfalt der Kastanie verzaubern \u2013 ein Fest f\u00fcr alle Sinne.<\/p>\n\n\n\n<p><a href=\"https:\/\/www.ascona-locarno.com\/de\/events\/details\/Herbstfest\/135917\" target=\"_blank\" rel=\"noopener noreferrer nofollow\">Mehr Informationen<\/a><\/p>\n\n\n\n<div style=\"height:100px\" aria-hidden=\"true\" class=\"wp-block-spacer\"><\/div>\n\n\n\t\t<div data-elementor-type=\"widget\" data-elementor-id=\"14526\" class=\"elementor elementor-14526\" data-elementor-post-type=\"elementor_library\">\n\t\t\t\t\t\t<div class=\"elementor-element elementor-element-14526 elementor-widget elementor-widget-button\" data-id=\"14526\" data-element_type=\"widget\" data-e-type=\"widget\" data-settings=\"{&quot;ekit_we_effect_on&quot;:&quot;none&quot;}\" data-widget_type=\"button.default\">\n\t\t\t\t<div class=\"elementor-widget-container\">\n\t\t\t\t\t\t\t\t\t<div class=\"elementor-button-wrapper\">\n\t\t\t\t\t<a class=\"elementor-button elementor-button-link elementor-size-sm\" href=\"mailto:reservation@giardino.ch?subject=Events%20in%20Ascona-Locarno\">\n\t\t\t\t\t\t<span class=\"elementor-button-content-wrapper\">\n\t\t\t\t\t\t\t\t\t<span class=\"elementor-button-text\">Jetzt anfragen<\/span>\n\t\t\t\t\t<\/span>\n\t\t\t\t\t<\/a>\n\t\t\t\t<\/div>\n\t\t\t\t\t\t\t\t<\/div>\n\t\t\t\t<\/div>\n\t\t\t\t<\/div>\n\t\t\n","protected":false},"excerpt":{"rendered":"<p>06.06.26 \u2013 ARM\u00d2NIA Yoga Festival Das ARM\u00d2NIA Yoga Festival bringt Yoga, Achtsamkeit und ganzheitliches Wohlbefinden nach Ascona. Einen Tag lang stehen Bewegung, Meditation und bewusste Lebensweise im Mittelpunkt \u2013 eingebettet in die nat\u00fcrliche Umgebung des neu gestalteten Bagno Pubblico. Ein abwechslungsreiches Programm mit Yoga-Sessions, Workshops und Wellness-Angeboten l\u00e4dt dazu ein, zur Ruhe zu kommen und [&hellip;]<\/p>\n","protected":false},"featured_media":16595,"template":"","meta":{"_acf_changed":false,"site-sidebar-layout":"default","site-content-layout":"","ast-site-content-layout":"default","site-content-style":"default","site-sidebar-style":"default","ast-global-header-display":"","ast-banner-title-visibility":"","ast-main-header-display":"","ast-hfb-above-header-display":"","ast-hfb-below-header-display":"","ast-hfb-mobile-header-display":"","site-post-title":"","ast-breadcrumbs-content":"","ast-featured-img":"","footer-sml-layout":"","ast-disable-related-posts":"","theme-transparent-header-meta":"","adv-header-id-meta":"","stick-header-meta":"","header-above-stick-meta":"","header-main-stick-meta":"","header-below-stick-meta":"","astra-migrate-meta-layouts":"set","ast-page-background-enabled":"default","ast-page-background-meta":{"desktop":{"background-color":"","background-image":"","background-repeat":"repeat","background-position":"center center","background-size":"auto","background-attachment":"scroll","background-type":"","background-media":"","overlay-type":"","overlay-color":"","overlay-opacity":"","overlay-gradient":""},"tablet":{"background-color":"","background-image":"","background-repeat":"repeat","background-position":"center center","background-size":"auto","background-attachment":"scroll","background-type":"","background-media":"","overlay-type":"","overlay-color":"","overlay-opacity":"","overlay-gradient":""},"mobile":{"background-color":"","background-image":"","background-repeat":"repeat","background-position":"center center","background-size":"auto","background-attachment":"scroll","background-type":"","background-media":"","overlay-type":"","overlay-color":"","overlay-opacity":"","overlay-gradient":""}},"ast-content-background-meta":{"desktop":{"background-color":"var(--ast-global-color-5)","background-image":"","background-repeat":"repeat","background-position":"center center","background-size":"auto","background-attachment":"scroll","background-type":"","background-media":"","overlay-type":"","overlay-color":"","overlay-opacity":"","overlay-gradient":""},"tablet":{"background-color":"var(--ast-global-color-5)","background-image":"","background-repeat":"repeat","background-position":"center center","background-size":"auto","background-attachment":"scroll","background-type":"","background-media":"","overlay-type":"","overlay-color":"","overlay-opacity":"","overlay-gradient":""},"mobile":{"background-color":"var(--ast-global-color-5)","background-image":"","background-repeat":"repeat","background-position":"center center","background-size":"auto","background-attachment":"scroll","background-type":"","background-media":"","overlay-type":"","overlay-color":"","overlay-opacity":"","overlay-gradient":""}}},"categories":[26],"class_list":["post-3544","erlebnise","type-erlebnise","status-publish","has-post-thumbnail","hentry","category-asconaerlebnisse"],"acf":[],"publishpress_future_workflow_manual_trigger":{"enabledWorkflows":[]},"ase":null,"_links":{"self":[{"href":"https:\/\/giardinohotels.ch\/de\/wp-json\/wp\/v2\/erlebnise\/3544","targetHints":{"allow":["GET"]}}],"collection":[{"href":"https:\/\/giardinohotels.ch\/de\/wp-json\/wp\/v2\/erlebnise"}],"about":[{"href":"https:\/\/giardinohotels.ch\/de\/wp-json\/wp\/v2\/types\/erlebnise"}],"wp:featuredmedia":[{"embeddable":true,"href":"https:\/\/giardinohotels.ch\/de\/wp-json\/wp\/v2\/media\/16595"}],"wp:attachment":[{"href":"https:\/\/giardinohotels.ch\/de\/wp-json\/wp\/v2\/media?parent=3544"}],"wp:term":[{"taxonomy":"category","embeddable":true,"href":"https:\/\/giardinohotels.ch\/de\/wp-json\/wp\/v2\/categories?post=3544"}],"curies":[{"name":"wp","href":"https:\/\/api.w.org\/{rel}","templated":true}]}}

<h2 class="wp-block-heading">06.06.26 – ARMÒNIA Yoga Festival</h2>



<p>Das ARMÒNIA Yoga Festival bringt Yoga, Achtsamkeit und ganzheitliches Wohlbefinden nach Ascona. Einen Tag lang stehen Bewegung, Meditation und bewusste Lebensweise im Mittelpunkt – eingebettet in die natürliche Umgebung des neu gestalteten Bagno Pubblico.</p>



<p>Ein abwechslungsreiches Programm mit Yoga-Sessions, Workshops und Wellness-Angeboten lädt dazu ein, zur Ruhe zu kommen und neue Energie zu schöpfen. Giardino Ascona ist mit ausgewählten Wellness-Erlebnissen Teil des Festivals.</p>



<p><a href="https://armonia-yoga.ch/festival-de/" target="_blank" rel="noreferrer noopener nofollow">Mehr Informationen</a></p>



<h2 class="wp-block-heading">25.06. &#8211; 04.07.26 – JazzAscona</h2>



<p>Erleben Sie zehn Tage voller Lebensfreude, Musik und Kulinarik am Lago Maggiore! Seit 1985 zählt das JazzAscona zu den bedeutendsten Festivals für New Orleans Jazz weltweit. Über 200 kostenlose Konzerte auf Bühnen, in Bars und unter freiem Himmel verwandeln das charmante Ascona in eine vibrierende Bühne für Jazz, Swing, Blues, Soul und mehr. Als einziges von der Stadt New Orleans offiziell unterstütztes Festival in Europa bietet JazzAscona ein authentisches Eintauchen in die Musik- und Kulturszene des amerikanischen Südens – mitten in der Schweiz.</p>



<h2 class="wp-block-heading">09.07. &#8211; 19.07.26 – Moon &amp; Stars Festival</h2>



<p>Im Juli ist die Piazza Grande in Locarno wie jedes Jahr erneut der magische Treffpunkt für Musikliebhaber. Das berühmte Moon &amp; Stars Festival verführt mit einer einzigartigen Atmosphäre, in der Tausende von Fans an mehreren Abenden erstklassige Künstler unter freiem Himmel erleben können. Geniessen Sie warme Sommernächte, die Musik und die unvergesslichen Momente. Alle Infos zu den Acts und Tickets finden Sie auf der offiziellen Moon &amp; Stars Website.</p>



<p><a href="https://moonandstars.ch/de" target="_blank" rel="noopener noreferrer nofollow">Mehr Informationen</a></p>



<h2 class="wp-block-heading">05.08. &#8211; 15.08.26 – Locarno Filmfestival</h2>



<p>Das bedeutendste Filmfestival der Schweiz verwandelt Locarno jeden Sommer in einen Treffpunkt für Filmschaffende und Filmfans aus aller Welt. Herzstück ist die Piazza Grande – das wohl schönste Open-Air-Kino Europas.</p>



<p>Neben Wettbewerbsfilmen in verschiedenen Kategorien bietet das Festival ein breites Rahmenprogramm in Kinos, Foren und der ganzen Stadt. Die „Rotonda“ sorgt abends mit Konzerten, Kunst, Kinderprogramm und Street Food für Festivalstimmung pur.</p>



<p><a href="https://www.ascona-locarno.com/de/events/details/Locarno-Film-Festival-2025/10056" target="_blank" rel="noopener noreferrer nofollow">Mehr Informationen.</a></p>



<h2 class="wp-block-heading" id="classicascona">10.09. &#8211; 13.09.26 – CSI Ascona</h2>



<p>Das CSI Ascona, eines der renommiertesten internationalen Springreitturniere, kehrt auch in diesem Jahr zurück. Auf dem ehemaligen Flughafen von Ascona messen sich die besten Reiter der Welt in spannenden Springwettbewerben. Vier Tage lang erleben Sie dieses spektakuläre Event, umrahmt von mehreren Nebenveranstaltungen. Der Eintritt ist frei.</p>



<p><a href="https://www.ascona-locarno.com/de/events/details/22-CSI-Ascona-Concorso-ippico-internazionale-2014/78950.html" target="_blank" rel="noopener noreferrer nofollow">Mehr Informationen</a></p>



<p></p>



<h2 class="wp-block-heading">17.09. &#8211; 19.09.2026 SunIce Festival Ascona</h2>



<p>Wenn SunIce im Lido Ascona die Beats hochfährt, verwandelt sich das Giardino in eine Welt voller Kontraste:&nbsp;mitreissende Festival-Energie trifft auf luxuriöse Ruhe. Unser SunIce Package bietet Ihnen exklusiven VIP-Zugang und Entspannung pur – für eine oder mehrere Nächte voller Musik, Komfort und Genuss. Enjoy the beat in style.</p>



<p><a href="https://www.sunicefestival.ch/summer/home" target="_blank" data-type="link" data-id="https://www.sunicefestival.ch/summer/home" rel="noreferrer noopener nofollow">Mehr Informationen</a></p>



<p><strong>SunIce VIP Escape:</strong></p>



<ul class="wp-block-list">
<li>Übernachtung im Doppelzimmer Morgensonne ab CHF 660</li>



<li>Vergünstigter Eintritt in den Sunice VIP-Bereich – exklusive Areas, beste Sicht, mehr Komfort</li>



<li>Willkommensgetränk&nbsp;und SunIce VIP&nbsp;Amenity</li>



<li>freier Zugang zum preisgekrönten Giardino Spa</li>



<li>10% Ermässigung auf alle Spa Treatments</li>



<li>Nutzung von City- und Mountainbikes</li>



<li>Ticino-Ticket</li>



<li>Transfer zwischen Bahnhof Locarno und Hotel bei An- und Abreise</li>



<li>Kurze Distanz zum Festival</li>



<li>Entspannung an Pools, Daybeds &amp; Rückzugsorten</li>



<li>-Late Check-Out nach Verfügbarkeit</li>
</ul>



<p>Das Angebot ist limitiert und verfügbar nur auf Anfrage – telefonisch unter <a href="tel:+41800333313">+41 800 333 313</a> oder via <a href="mailto:reservation@giardino.ch"><span style="display:inline;unicode-bidi:bidi-override;direction:rtl;" class="">hc.onidraig<span style="display:none;">obfsctd-11d88b</span>&#64;noitavreser</span></a></p>



<h2 class="wp-block-heading">18.09. – 10.10.26 – Musik-Festwochen classicAscona</h2>



<p>Die Musik-Festwochen classicAscona laden im Frühherbst zu klassischen Konzerten in besonderer Atmosphäre ein. Internationale Künstlerpersönlichkeiten, renommierte Ensembles und junge Talente gestalten ein vielseitiges Programm an stimmungsvollen Orten in Ascona und Locarno.</p>



<p>Kirchen, historische Plätze und ausgewählte Open-Air-Locations werden zur Bühne für musikalische Exzellenz und kulturellen Austausch – eingebettet in die ruhige, südliche Stimmung des Locarnese.</p>



<p><a href="https://www.classicascona.ch/" target="_blank" data-type="link" data-id="https://www.classicascona.ch/" rel="noreferrer noopener nofollow">Mehr Informationen</a></p>



<p><strong>classicAscona-Spezial:</strong></p>



<ul class="wp-block-list">
<li>15% Rabatt auf die aktuelle Tagesrate ab zwei Übernachtungen</li>



<li>20% Ermässigung auf Konzerttickets von classicAscona&nbsp;ab zwei Übernachtungen </li>



<li>Willkommensgetränk und VIP Amenity</li>



<li>Reichhaltiges Frühstücksbuffet</li>



<li>Eintritt zum dipiù Spa</li>



<li>10% Ermässigung auf alle Spa Treatments</li>



<li>Nutzung von City- und Mountainbikes</li>



<li>Transfer zwischen Bahnhof Locarno und Hotel bei An- und Abreise</li>



<li>Ticino-Ticket</li>



<li>Shuttle-Service zur und von der Piazza&nbsp;Ascona</li>
</ul>



<p>Das Angebot ist limitiert und verfügbar nur auf Anfrage &#8211; telefonisch unter&nbsp;<a href="tel:+41800333313">+41 800 333 313</a>&nbsp;oder via&nbsp;<a href="mailto:reservation@giardino.ch"><span style="display:inline;unicode-bidi:bidi-override;direction:rtl;" class="">hc.onidraig<span style="display:none;">obfsctd-73c4f1</span>&#64;noitavreser</span></a></p>



<h2 class="wp-block-heading">03.10.26 – Herbstfest</h2>



<p>Das Herbstfest im Tessin lädt ein, die Traditionen und das Handwerk der Region zu entdecken.</p>



<p>Schlemmen Sie sich durch kulinarische Köstlichkeiten, erleben Sie die Brauchtümer der Vergangenheit und lassen Sie sich von der Vielfalt der Kastanie verzaubern – ein Fest für alle Sinne.</p>



<p><a href="https://www.ascona-locarno.com/de/events/details/Herbstfest/135917" target="_blank" rel="noopener noreferrer nofollow">Mehr Informationen</a></p>



<div style="height:100px" aria-hidden="true" class="wp-block-spacer"></div>


		<div data-elementor-type="widget" data-elementor-id="14526" class="elementor elementor-14526" data-elementor-post-type="elementor_library">
						<div class="elementor-element elementor-element-14526 elementor-widget elementor-widget-button" data-id="14526" data-element_type="widget" data-e-type="widget" data-settings="{&quot;ekit_we_effect_on&quot;:&quot;none&quot;}" data-widget_type="button.default">
				<div class="elementor-widget-container">
									<div class="elementor-button-wrapper">
					<a class="elementor-button elementor-button-link elementor-size-sm" href="mailto:reservation@giardino.ch?subject=Events%20in%20Ascona-Locarno">
						<span class="elementor-button-content-wrapper">
									<span class="elementor-button-text">Jetzt anfragen</span>
					</span>
					</a>
				</div>
								</div>
				</div>
				</div>

<p>06.06.26 – ARMÒNIA Yoga Festival Das ARMÒNIA Yoga Festival bringt Yoga, Achtsamkeit und ganzheitliches Wohlbefinden nach Ascona. Einen Tag lang stehen Bewegung, Meditation und bewusste Lebensweise im Mittelpunkt – eingebettet in die natürliche Umgebung des neu gestalteten Bagno Pubblico. Ein abwechslungsreiches Programm mit Yoga-Sessions, Workshops und Wellness-Angeboten lädt dazu ein, zur Ruhe zu kommen und [&hellip;]</p>
